e prime factors of 8141.
7, 1163
What are the prime factors of 30745?
5, 11, 13, 43
List the prime factors of 3275.
5, 131
List the prime factors of 2337.
3, 19, 41
What are the prime factors of 29150?
2, 5, 11, 53
List the prime factors of 1898.
2, 13, 73
List the prime factors of 7476.
2, 3, 7, 89
What are the prime factors of 2293?
2293
List the prime factors of 1255.
5, 251
What are the prime factors of 17878?
2, 7, 1277
What are the prime factors of 6623?
37, 179
List the prime factors of 33686.
2, 16843
What are the prime factors of 78883?
7, 59, 191
What are the prime factors of 1999?
1999
List the prime factors of 15523.
19, 43
List the prime factors of 576.
2, 3
List the prime factors of 1769.
29, 61
List the prime factors of 25455.
3, 5, 1697
List the prime factors of 3869.
53, 73
What are the prime factors of 18593?
18593
What are the prime factors of 16132?
2, 37, 109
What are the prime factors of 64339?
11, 5849
List the prime factors of 1318.
2, 659
List the prime factors of 8148.
2, 3, 7, 97
What are the prime factors of 2823?
3, 941
List the prime factors of 6291.
3, 233
What are the prime factors of 2345?
5, 7, 67
What are the prime factors of 12408?
2, 3, 11, 47
What are the prime factors of 41542?
2, 20771
List the prime factors of 23646.
2, 3, 7, 563
What are the prime factors of 51205?
5, 7, 11, 19
List the prime factors of 1362.
2, 3, 227
What are the prime factors of 318?
2, 3, 53
What are the prime factors of 11228?
2, 7, 401
What are the prime factors of 2549?
2549
What are the prime factors of 515?
5, 103
What are the prime factors of 1108?
2, 277
List the prime factors of 7737.
3, 2579
List the prime factors of 124329.
3, 41443
What are the prime factors of 10599?
3, 3533
What are the prime factors of 1664?
2, 13
List the prime factors of 917.
7, 131
List the prime factors of 4326.
2, 3, 7, 103
List the prime factors of 285.
3, 5, 19
What are the prime factors of 112403?
112403
What are the prime factors of 766?
2, 383
List the prime factors of 162776.
2, 20347
What are the prime factors of 79109?
239, 331
List the prime factors of 1067.
11, 97
What are the prime factors of 1258?
2, 17, 37
What are the prime factors of 6874?
2, 7, 491
List the prime factors of 4824.
2, 3, 67
What are the prime factors of 117637?
13, 9049
What are the prime factors of 21744?
2, 3, 151
List the prime factors of 1011.
3, 337
List the prime factors of 350.
2, 5, 7
List the prime factors of 1070.
2, 5, 107
List the prime factors of 5314.
2, 2657
List the prime factors of 114269.
114269
What are the prime factors of 5689?
5689
What are the prime factors of 35784?
2, 3, 7, 71
What are the prime factors of 11114?
2, 5557
What are the prime factors of 729?
3
What are the prime factors of 5575?
5, 223
What are the prime factors of 3141?
3, 349
List the prime factors of 1622.
2, 811
What are the prime factors of 48501?
3, 17, 317
What are the prime factors of 2906?
2, 1453
What are the prime factors of 4748?
2, 1187
List the prime factors of 1697.
1697
What are the prime factors of 414?
2, 3, 23
List the prime factors of 2086.
2, 7, 149
List the prime factors of 21393.
3, 2377
List the prime factors of 323.
17, 19
What are the prime factors of 3565?
5, 23, 31
What are the prime factors of 56727?
3, 11, 191
List the prime factors of 5020.
2, 5, 251
What are the prime factors of 3218?
2, 1609
List the prime factors of 27761.
17, 23, 71
List the prime factors of 139.
139
What are the prime factors of 209?
11, 19
What are the prime factors of 36492?
2, 3, 3041
What are the prime factors of 74097?
3, 8233
What are the prime factors of 4398?
2, 3, 733
What are the prime factors of 2044?
2, 7, 73
List the prime factors of 2749.
2749
What are the prime factors of 326?
2, 163
List the prime factors of 10151.
10151
List the prime factors of 70.
2, 5, 7
What are the prime factors of 6566?
2, 7, 67
List the prime factors of 2018.
2, 1009
List the prime factors of 24818.
2, 12409
List the prime factors of 3828.
2, 3, 11, 29
What are the prime factors of 8447?
8447
What are the prime factors of 1830?
2, 3, 5, 61
List the prime factors of 65737.
7, 9391
List the prime factors of 1338.
2, 3, 223
List the prime factors of 2509.
13, 193
List the prime factors of 6252.
2, 3, 521
List the prime factors of 1653.
3, 19, 29
What are the prime factors of 15865?
5, 19, 167
What are the prime factors of 4162?
2, 2081
List the prime factors of 1992.
2, 3, 83
List the prime factors of 931.
7, 19
List the prime factors of 486.
2, 3
What are the prime factors of 5265?
3, 5, 13
List the prime factors of 19219.
19219
What are the prime factors of 1084?
2, 271
What are the prime factors of 13922?
2, 6961
What are the prime factors of 1065?
3, 5, 71
List the prime factors of 630.
2, 3, 5, 7
List the prime factors of 28966.
2, 7, 2069
What are the prime factors of 4056?
2, 3, 13
What are the prime factors of 19286?
2, 9643
List the prime factors of 9211.
61, 151
What are the prime factors of 37591?
37591
What are the prime factors of 232?
2, 29
What are the prime factors of 8855?
5, 7, 11, 23
What are the prime factors of 10276?
2, 7, 367
What are the prime factors of 14859?
3, 13, 127
What are the prime factors of 80321?
31, 2591
List the prime factors of 5574.
2, 3, 929
List the prime factors of 12105.
3, 5, 269
List the prime factors of 760.
2, 5, 19
What are the prime factors of 7110?
2, 3, 5, 79
What are the prime factors of 3026?
2, 17, 89
What are the prime factors of 24869?
13, 1913
What are the prime factors of 5982?
2, 3, 997
List the prime factors of 7269.
3, 2423
What are the prime factors of 25865?
5, 7, 739
What are the prime factors of 1722?
2, 3, 7, 41
List the prime factors of 3471.
3, 13, 89
List the prime factors of 66732.
2, 3, 67, 83
List the prime factors of 1140.
2, 3, 5, 19
List the prime factors of 962.
2, 13, 37
What are the prime factors of 599?
599
What are the prime factors of 4296?
2, 3, 179
What are the prime factors of 1472?
2, 23
What are the prime factors of 727?
727
List the prime factors of 9727.
71, 137
What are the prime factors of 248?
2, 31
List the prime factors of 2003.
2003
List the prime factors of 37760.
2, 5, 59
List the prime factors of 63263.
41, 1543
List the prime factors of 7628.
2, 1907
What are the prime factors of 3107?
13, 239
What are the prime factors of 76609?
13, 71, 83
What are the prime factors of 26547?
3, 8849
What are the prime factors of 36125?
5, 17
List the prime factors of 41729.
41729
List the prime factors of 16144.
2, 1009
What are the prime factors of 825?
3, 5, 11
What are the prime factors of 24364?
2, 6091
List the prime factors of 106772.
2, 26693
What are the prime factors of 4053?
3, 7, 193
What are the prime factors of 449?
449
What are the prime factors of 21540?
2, 3, 5, 359
List the prime factors of 70784.
2, 7, 79
List the prime factors of 2779.
7, 397
List the prime factors of 8056.
2, 19, 53
List the prime factors of 13146.
2, 3, 7, 313
List the prime factors of 4793.
4793
List the prime factors of 1947.
3, 11, 59
What are the prime factors of 48085?
5, 59, 163
List the prime factors of 23560.
2, 5, 19, 31
List the prime factors of 1045.
5, 11, 19
List the prime factors of 879.
3, 293
List the prime factors of 1021.
1021
What are the prime factors of 970?
2, 5, 97
List the prime factors of 785.
5, 157
What are the prime factors of 3458?
2, 7, 13, 19
What are the prime factors of 866?
2, 433
List the prime factors of 4720.
2, 5, 59
What are the prime factors of 5818?
2, 2909
What are the prime factors of 8362?
2, 37, 113
List the prime factors of 5552.
2, 347
What are the prime factors of 7217?
7, 1031
List the prime factors of 2604.
2, 3, 7, 31
List the prime factors of 82059.
3, 17, 1609
List the prime factors of 111661.
11, 10151
What are the prime factors of 117665?
5, 101, 233
What are the prime factors of 5249?
29, 181
List the prime factors of 976.
2, 61
List the prime factors of 4820.
2, 5, 241
What are the prime factors of 22295?
5, 7, 13
List the prime factors of 958.
2, 479
What are the prime factors of 1171?
1171
What are the prime factors of 17067?
3, 5689
List the prime factors of 1676.
2, 419
What are the prime factors of 8828?
2, 2207
What are the prime factors of 2150?
2, 5,